{"id":53,"date":"2021-01-11T14:29:00","date_gmt":"2021-01-11T17:29:00","guid":{"rendered":"https:\/?page_id=53"},"modified":"2021-07-28T08:11:51","modified_gmt":"2021-07-28T11:11:51","slug":"bio","status":"publish","type":"page","link":"https:\/\/pozociego.com.ar\/?page_id=53","title":{"rendered":"Bio"},"content":{"rendered":"<p>[et_pb_section fb_built=&#8221;1&#8243; fullwidth=&#8221;on&#8221; _builder_version=&#8221;4.6.6&#8243; _module_preset=&#8221;default&#8221; box_shadow_style=&#8221;preset3&#8243; box_shadow_vertical=&#8221;8px&#8221; box_shadow_blur=&#8221;27px&#8221; box_shadow_color=&#8221;rgba(0,0,0,0.42)&#8221;][et_pb_fullwidth_menu fullwidth_menu=&#8221;off&#8221; active_link_color=&#8221;#000000&#8243; logo=&#8221;http:\/\/pozociego.com.ar\/wp-content\/uploads\/2021\/01\/LOGO_dark.png&#8221; logo_max_width=&#8221;60%&#8221; module_class=&#8221;FW&#8221; _builder_version=&#8221;4.6.6&#8243; _module_preset=&#8221;default&#8221; menu_text_color=&#8221;#000000&#8243; menu_font_size=&#8221;16px&#8221; text_orientation=&#8221;right&#8221;][\/et_pb_fullwidth_menu][\/et_pb_section][et_pb_section fb_built=&#8221;1&#8243; _builder_version=&#8221;4.6.6&#8243; _module_preset=&#8221;default&#8221; custom_padding=&#8221;||9px|||&#8221;][et_pb_row _builder_version=&#8221;4.6.6&#8243; _module_preset=&#8221;default&#8221; max_width=&#8221;10000px&#8221; custom_padding=&#8221;||43px|||&#8221; border_width_bottom=&#8221;1px&#8221; border_color_bottom=&#8221;#000000&#8243;][et_pb_column type=&#8221;4_4&#8243; _builder_version=&#8221;4.6.6&#8243; _module_preset=&#8221;default&#8221;][et_pb_text _builder_version=&#8221;4.6.6&#8243; _module_preset=&#8221;default&#8221; text_font=&#8221;|300|||||||&#8221; text_text_color=&#8221;#000000&#8243; text_font_size=&#8221;70px&#8221;]Bio[\/et_pb_text][\/et_pb_column][\/et_pb_row][\/et_pb_section][et_pb_section fb_built=&#8221;1&#8243; _builder_version=&#8221;4.6.6&#8243; _module_preset=&#8221;default&#8221;][et_pb_row column_structure=&#8221;1_3,1_3,1_3&#8243; make_equal=&#8221;on&#8221; _builder_version=&#8221;4.6.6&#8243; _module_preset=&#8221;default&#8221; max_width=&#8221;10000px&#8221;][et_pb_column type=&#8221;1_3&#8243; module_class=&#8221;bioimagecontainer&#8221; _builder_version=&#8221;4.6.6&#8243; _module_preset=&#8221;default&#8221;][et_pb_image src=&#8221;http:\/\/pozociego.com.ar\/wp-content\/uploads\/2021\/01\/Bio-GiCassettai.jpg&#8221; title_text=&#8221;Bio GiCassettai&#8221; _builder_version=&#8221;4.6.6&#8243; _module_preset=&#8221;default&#8221; border_width_all=&#8221;1px&#8221; border_color_all=&#8221;rgba(51,51,51,0.32)&#8221;][\/et_pb_image][et_pb_toggle title=&#8221;Gi Cassettai&#8221; open_toggle_text_color=&#8221;#000000&#8243; open_toggle_background_color=&#8221;rgba(0,0,0,0)&#8221; closed_toggle_background_color=&#8221;rgba(0,0,0,0)&#8221; use_icon_font_size=&#8221;on&#8221; icon_font_size=&#8221;22px&#8221; _builder_version=&#8221;4.6.6&#8243; _module_preset=&#8221;default&#8221; title_text_color=&#8221;#000000&#8243; title_text_align=&#8221;center&#8221; title_font_size=&#8221;28px&#8221; body_text_align=&#8221;left&#8221; body_text_color=&#8221;#000000&#8243; body_font_size=&#8221;18px&#8221; body_line_height=&#8221;1.8em&#8221; background_color=&#8221;rgba(255,255,255,0)&#8221; custom_margin=&#8221;0px||||false|false&#8221; custom_padding=&#8221;0px||||false|false&#8221; border_width_all=&#8221;0px&#8221;]Naci\u00f3 en C\u00f3rdoba, Argentina. Es Comunicadora social, Artista visual, dise\u00f1adora gr\u00e1fica y fot\u00f3grafa.<\/p>\n<p>Actualmente se encuentra cursando la Especializaci\u00f3n en Procesos y Pr\u00e1cticas Art\u00edsticas Contempor\u00e1neas en la Universidad Nacional de C\u00f3rdoba.<br \/>\nContinuamente transita diferentes espacios de formaci\u00f3n, como talleres y cl\u00ednicas de arte.<br \/>\nDesde el 2016 participa de diferentes espacios de la escena art\u00edstica accionando tanto en instituciones como en espacios p\u00fablicos y privados. Conforma el grupo a cuerpo, que intenta poner en jaque los aspectos naturalizados de los cuerpos subordinados en el sistema de poder.<br \/>\nTanto en su trabajo colectivo como individual, intenta llevar a cabo diferentes ejercicios para reunir expresiones tangibles de los procesos de la vida.<br \/>\nUtiliza diferentes lenguajes para abordar sus pr\u00e1cticas art\u00edsticas. Sus principales b\u00fasquedas giran en torno a explorar los h\u00e1bitos cotidianos como una ocasio\u0301n para pensar todo lo que ocurre en un lugar inter-medio<br \/>\nMuchas de sus producciones propopen lo editorial como pr\u00e1ctica art\u00edstica. Son construcciones narrativas y po\u00e9ticas entre la imagen y el dibujo, que generalmente pertenecen al mundo personal, \u00edntimo y con una clara intenci\u00f3n vinculada a la escritura.<br \/>\nEs directora de dos editoriales independientes. Es adscripta en el Cepia y en el a\u0301rea de comunicacio\u0301n de la revista Un Rato de la Facultad de Artes.<br \/>\nCoordina y dicta talleres vinculados a la pr\u00e1ctica experimental del libro objeto y la noci\u00f3n de cuerpo.[\/et_pb_toggle][\/et_pb_column][et_pb_column type=&#8221;1_3&#8243; module_class=&#8221;bioimagecontainer&#8221; _builder_version=&#8221;4.6.6&#8243; _module_preset=&#8221;default&#8221;][\/et_pb_column][et_pb_column type=&#8221;1_3&#8243; module_class=&#8221;bioimagecontainer&#8221; _builder_version=&#8221;4.6.6&#8243; _module_preset=&#8221;default&#8221;][et_pb_image src=&#8221;http:\/\/pozociego.com.ar\/wp-content\/uploads\/2021\/01\/Bio-NahuelSanchezTolosa.jpg&#8221; title_text=&#8221;Bio NahuelSanchezTolosa&#8221; _builder_version=&#8221;4.6.6&#8243; _module_preset=&#8221;default&#8221;][\/et_pb_image][et_pb_toggle title=&#8221;Nahuel Sanchez Tolosa&#8221; open_toggle_text_color=&#8221;#000000&#8243; open_toggle_background_color=&#8221;rgba(0,0,0,0)&#8221; closed_toggle_background_color=&#8221;rgba(0,0,0,0)&#8221; use_icon_font_size=&#8221;on&#8221; icon_font_size=&#8221;22px&#8221; _builder_version=&#8221;4.6.6&#8243; _module_preset=&#8221;default&#8221; title_text_color=&#8221;#000000&#8243; title_text_align=&#8221;center&#8221; title_font_size=&#8221;28px&#8221; body_text_align=&#8221;left&#8221; body_text_color=&#8221;#000000&#8243; body_font_size=&#8221;18px&#8221; body_line_height=&#8221;1.8em&#8221; background_color=&#8221;rgba(255,255,255,0)&#8221; custom_margin=&#8221;0px||||false|false&#8221; custom_padding=&#8221;0px||||false|false&#8221; border_width_all=&#8221;0px&#8221;]<\/p>\n<p>Oriundo de Santa Cruz, Patagonia Austral Argentina.\u00a0 Es Artista Visual, reside actualmente entre C\u00f3rdoba y Jos\u00e9 de la Quintana. Su formaci\u00f3n de base es un cruce entre Arte, Comunicaci\u00f3n y Dise\u00f1o. Se dedica a la ense\u00f1anza de las Artes Visuales en diferentes niveles educativos y a la producci\u00f3n personal. Actualmente coordina Intermitencba un Laboratorio de Pr\u00e1cticas Art\u00edsticas Contempor\u00e1neas que busca poner en di\u00e1logo la producci\u00f3n de diferentes artistxs de Argentina y otros paises.<\/p>\n<p>[\/et_pb_toggle][\/et_pb_column][\/et_pb_row][\/et_pb_section]<\/p>\n","protected":false},"excerpt":{"rendered":"<p>[et_pb_section fb_built=&#8221;1&#8243; fullwidth=&#8221;on&#8221; _builder_version=&#8221;4.6.6&#8243; _module_preset=&#8221;default&#8221; box_shadow_style=&#8221;preset3&#8243; box_shadow_vertical=&#8221;8px&#8221; box_shadow_blur=&#8221;27px&#8221; box_shadow_color=&#8221;rgba(0,0,0,0.42)&#8221;][et_pb_fullwidth_menu fullwidth_menu=&#8221;off&#8221; active_link_color=&#8221;#000000&#8243; logo=&#8221;http:\/\/pozociego.com.ar\/wp-content\/uploads\/2021\/01\/LOGO_dark.png&#8221; logo_max_width=&#8221;60%&#8221; module_class=&#8221;FW&#8221; _builder_version=&#8221;4.6.6&#8243; _module_preset=&#8221;default&#8221; menu_text_color=&#8221;#000000&#8243; menu_font_size=&#8221;16px&#8221; text_orientation=&#8221;right&#8221;][\/et_pb_fullwidth_menu][\/et_pb_section][et_pb_section fb_built=&#8221;1&#8243; _builder_version=&#8221;4.6.6&#8243; _module_preset=&#8221;default&#8221; custom_padding=&#8221;||9px|||&#8221;][et_pb_row _builder_version=&#8221;4.6.6&#8243; _module_preset=&#8221;default&#8221; max_width=&#8221;10000px&#8221; custom_padding=&#8221;||43px|||&#8221; border_width_bottom=&#8221;1px&#8221; border_color_bottom=&#8221;#000000&#8243;][et_pb_column type=&#8221;4_4&#8243; _builder_version=&#8221;4.6.6&#8243; _module_preset=&#8221;default&#8221;][et_pb_text _builder_version=&#8221;4.6.6&#8243; _module_preset=&#8221;default&#8221; text_font=&#8221;|300|||||||&#8221; text_text_color=&#8221;#000000&#8243; text_font_size=&#8221;70px&#8221;]Bio[\/et_pb_text][\/et_pb_column][\/et_pb_row][\/et_pb_section][et_pb_section fb_built=&#8221;1&#8243; _builder_version=&#8221;4.6.6&#8243; _module_preset=&#8221;default&#8221;][et_pb_row column_structure=&#8221;1_3,1_3,1_3&#8243; make_equal=&#8221;on&#8221; _builder_version=&#8221;4.6.6&#8243; _module_preset=&#8221;default&#8221; max_width=&#8221;10000px&#8221;][et_pb_column type=&#8221;1_3&#8243; module_class=&#8221;bioimagecontainer&#8221; _builder_version=&#8221;4.6.6&#8243; _module_preset=&#8221;default&#8221;][et_pb_image src=&#8221;http:\/\/pozociego.com.ar\/wp-content\/uploads\/2021\/01\/Bio-GiCassettai.jpg&#8221; title_text=&#8221;Bio GiCassettai&#8221; _builder_version=&#8221;4.6.6&#8243; _module_preset=&#8221;default&#8221; border_width_all=&#8221;1px&#8221; [&hellip;]<\/p>\n","protected":false},"author":1,"featured_media":0,"parent":0,"menu_order":0,"comment_status":"closed","ping_status":"closed","template":"page-template-blank.php","meta":{"_et_pb_use_builder":"on","_et_pb_old_content":"","_et_gb_content_width":""},"_links":{"self":[{"href":"https:\/\/pozociego.com.ar\/index.php?rest_route=\/wp\/v2\/pages\/53"}],"collection":[{"href":"https:\/\/pozociego.com.ar\/index.php?rest_route=\/wp\/v2\/pages"}],"about":[{"href":"https:\/\/pozociego.com.ar\/index.php?rest_route=\/wp\/v2\/types\/page"}],"author":[{"embeddable":true,"href":"https:\/\/pozociego.com.ar\/index.php?rest_route=\/wp\/v2\/users\/1"}],"replies":[{"embeddable":true,"href":"https:\/\/pozociego.com.ar\/index.php?rest_route=%2Fwp%2Fv2%2Fcomments&post=53"}],"version-history":[{"count":30,"href":"https:\/\/pozociego.com.ar\/index.php?rest_route=\/wp\/v2\/pages\/53\/revisions"}],"predecessor-version":[{"id":813,"href":"https:\/\/pozociego.com.ar\/index.php?rest_route=\/wp\/v2\/pages\/53\/revisions\/813"}],"wp:attachment":[{"href":"https:\/\/pozociego.com.ar\/index.php?rest_route=%2Fwp%2Fv2%2Fmedia&parent=53"}],"curies":[{"name":"wp","href":"https:\/\/api.w.org\/{rel}","templated":true}]}}